{"id":304,"date":"2022-05-06T12:19:15","date_gmt":"2022-05-06T12:19:15","guid":{"rendered":"https:\/\/web.ucb-rotbuckow.berlin\/web\/?page_id=304"},"modified":"2026-04-24T18:35:53","modified_gmt":"2026-04-24T16:35:53","slug":"impressum","status":"publish","type":"page","link":"https:\/\/web.ucb-rotbuckow.berlin\/web\/impressum\/","title":{"rendered":"Impressum"},"content":{"rendered":"\t\t<div data-elementor-type=\"wp-page\" data-elementor-id=\"304\" class=\"elementor elementor-304\">\n\t\t\t\t\t\t<section class=\"elementor-section elementor-top-section elementor-element elementor-element-594df64 elementor-section-boxed elementor-section-height-default elementor-section-height-default\" data-id=\"594df64\" data-element_type=\"section\" data-e-type=\"section\" data-settings=\"{&quot;background_background&quot;:&quot;classic&quot;}\">\n\t\t\t\t\t\t<div class=\"elementor-container elementor-column-gap-default\">\n\t\t\t\t\t<div class=\"elementor-column elementor-col-100 elementor-top-column elementor-element elementor-element-1998ab7\" data-id=\"1998ab7\" data-element_type=\"column\" data-e-type=\"column\">\n\t\t\t<div class=\"elementor-widget-wrap elementor-element-populated\">\n\t\t\t\t\t\t<div class=\"elementor-element elementor-element-cfb9c06 elementor-widget elementor-widget-heading\" data-id=\"cfb9c06\" data-element_type=\"widget\" data-e-type=\"widget\" data-widget_type=\"heading.default\">\n\t\t\t\t<div class=\"elementor-widget-container\">\n\t\t\t\t\t<h2 class=\"elementor-heading-title elementor-size-default\">Impressum<\/h2>\t\t\t\t<\/div>\n\t\t\t\t<\/div>\n\t\t\t\t\t<\/div>\n\t\t<\/div>\n\t\t\t\t\t<\/div>\n\t\t<\/section>\n\t\t\t\t<section class=\"elementor-section elementor-top-section elementor-element elementor-element-d1c3033 elementor-section-boxed elementor-section-height-default elementor-section-height-default\" data-id=\"d1c3033\" data-element_type=\"section\" data-e-type=\"section\">\n\t\t\t\t\t\t<div class=\"elementor-container elementor-column-gap-default\">\n\t\t\t\t\t<div class=\"elementor-column elementor-col-100 elementor-top-column elementor-element elementor-element-73429df\" data-id=\"73429df\" data-element_type=\"column\" data-e-type=\"column\">\n\t\t\t<div class=\"elementor-widget-wrap elementor-element-populated\">\n\t\t\t\t\t\t<div class=\"elementor-element elementor-element-657b02f elementor-widget elementor-widget-text-editor\" data-id=\"657b02f\" data-element_type=\"widget\" data-e-type=\"widget\" data-widget_type=\"text-editor.default\">\n\t\t\t\t<div class=\"elementor-widget-container\">\n\t\t\t\t\t\t\t\t\t<p><b>UCB Rot Buckow eG<\/b><br \/>Oranienplatz 5<br \/>10999 Berlin<\/p><p>Vorstand Angelika Schmid, Antje Ro\u00df, Frank Sch\u00f6neberg, Dominik Laur, Hermann K\u00fchne<br \/>Aufsichtsratsvorsitzender Philipp Beutler<br \/>Amtsgericht Charlottenburg Berlin<br \/>Registernummer GnR 931 B<\/p><p>Zust\u00e4ndiger Pr\u00fcfungsverband nach \u00a7 54 GenG<br \/>Genossenschaftsverband \u2013 Verband der Regionen e.V.<\/p><p>Webdesign von Mirjam Zimmerli: www.berlinzimmerli.de<\/p>\t\t\t\t\t\t\t\t<\/div>\n\t\t\t\t<\/div>\n\t\t\t\t\t<\/div>\n\t\t<\/div>\n\t\t\t\t\t<\/div>\n\t\t<\/section>\n\t\t\t\t<\/div>\n\t\t","protected":false},"excerpt":{"rendered":"<p>Impressum UCB Rot Buckow eGOranienplatz 510999 Berlin Vorstand Angelika Schmid, Antje Ro\u00df, Frank Sch\u00f6neberg, Dominik Laur, Hermann K\u00fchneAufsichtsratsvorsitzender Philipp BeutlerAmtsgericht Charlottenburg BerlinRegisternummer GnR 931 B Zust\u00e4ndiger Pr\u00fcfungsverband nach \u00a7 54 GenGGenossenschaftsverband \u2013 Verband der Regionen e.V. Webdesign von Mirjam Zimmerli: www.berlinzimmerli.de<\/p>\n","protected":false},"author":1,"featured_media":0,"parent":0,"menu_order":0,"comment_status":"closed","ping_status":"closed","template":"","meta":{"inline_featured_image":false,"ocean_post_layout":"full-screen","ocean_both_sidebars_style":"","ocean_both_sidebars_content_width":0,"ocean_both_sidebars_sidebars_width":0,"ocean_sidebar":"0","ocean_second_sidebar":"0","ocean_disable_margins":"enable","ocean_add_body_class":"","ocean_shortcode_before_top_bar":"","ocean_shortcode_after_top_bar":"","ocean_shortcode_before_header":"","ocean_shortcode_after_header":"","ocean_has_shortcode":"","ocean_shortcode_after_title":"","ocean_shortcode_before_footer_widgets":"","ocean_shortcode_after_footer_widgets":"","ocean_shortcode_before_footer_bottom":"","ocean_shortcode_after_footer_bottom":"","ocean_display_top_bar":"off","ocean_display_header":"default","ocean_header_style":"","ocean_center_header_left_menu":"0","ocean_custom_header_template":"0","ocean_custom_logo":0,"ocean_custom_retina_logo":0,"ocean_custom_logo_max_width":0,"ocean_custom_logo_tablet_max_width":0,"ocean_custom_logo_mobile_max_width":0,"ocean_custom_logo_max_height":0,"ocean_custom_logo_tablet_max_height":0,"ocean_custom_logo_mobile_max_height":0,"ocean_header_custom_menu":"0","ocean_menu_typo_font_family":"0","ocean_menu_typo_font_subset":"","ocean_menu_typo_font_size":0,"ocean_menu_typo_font_size_tablet":0,"ocean_menu_typo_font_size_mobile":0,"ocean_menu_typo_font_size_unit":"px","ocean_menu_typo_font_weight":"","ocean_menu_typo_font_weight_tablet":"","ocean_menu_typo_font_weight_mobile":"","ocean_menu_typo_transform":"","ocean_menu_typo_transform_tablet":"","ocean_menu_typo_transform_mobile":"","ocean_menu_typo_line_height":0,"ocean_menu_typo_line_height_tablet":0,"ocean_menu_typo_line_height_mobile":0,"ocean_menu_typo_line_height_unit":"","ocean_menu_typo_spacing":0,"ocean_menu_typo_spacing_tablet":0,"ocean_menu_typo_spacing_mobile":0,"ocean_menu_typo_spacing_unit":"","ocean_menu_link_color":"","ocean_menu_link_color_hover":"","ocean_menu_link_color_active":"","ocean_menu_link_background":"","ocean_menu_link_hover_background":"","ocean_menu_link_active_background":"","ocean_menu_social_links_bg":"","ocean_menu_social_hover_links_bg":"","ocean_menu_social_links_color":"","ocean_menu_social_hover_links_color":"","ocean_disable_title":"on","ocean_disable_heading":"default","ocean_post_title":"","ocean_post_subheading":"","ocean_post_title_style":"","ocean_post_title_background_color":"","ocean_post_title_background":0,"ocean_post_title_bg_image_position":"","ocean_post_title_bg_image_attachment":"","ocean_post_title_bg_image_repeat":"","ocean_post_title_bg_image_size":"","ocean_post_title_height":0,"ocean_post_title_bg_overlay":0.5,"ocean_post_title_bg_overlay_color":"","ocean_disable_breadcrumbs":"default","ocean_breadcrumbs_color":"","ocean_breadcrumbs_separator_color":"","ocean_breadcrumbs_links_color":"","ocean_breadcrumbs_links_hover_color":"","ocean_display_footer_widgets":"off","ocean_display_footer_bottom":"off","ocean_custom_footer_template":"0","footnotes":""},"class_list":["post-304","page","type-page","status-publish","hentry","entry"],"yoast_head":"<!-- This site is optimized with the Yoast SEO plugin v27.5 - https:\/\/yoast.com\/product\/yoast-seo-wordpress\/ -->\n<title>Impressum - UCB Rotbuckow e.G.<\/title>\n<meta name=\"description\" content=\"UCB Rotbuckow e.G.\" \/>\n<meta name=\"robots\" content=\"index, follow, max-snippet:-1, max-image-preview:large, max-video-preview:-1\" \/>\n<link rel=\"canonical\" href=\"https:\/\/web.ucb-rotbuckow.berlin\/web\/impressum\/\" \/>\n<meta property=\"og:locale\" content=\"de_DE\" \/>\n<meta property=\"og:type\" content=\"article\" \/>\n<meta property=\"og:title\" content=\"Impressum - UCB Rotbuckow e.G.\" \/>\n<meta property=\"og:description\" content=\"UCB Rotbuckow e.G.\" \/>\n<meta property=\"og:url\" content=\"https:\/\/web.ucb-rotbuckow.berlin\/web\/impressum\/\" \/>\n<meta property=\"og:site_name\" content=\"UCB Rotbuckow e.G.\" \/>\n<meta property=\"article:modified_time\" content=\"2026-04-24T16:35:53+00:00\" \/>\n<meta property=\"og:image\" content=\"https:\/\/web.ucb-rotbuckow.berlin\/web\/wp-content\/uploads\/2023\/03\/urbLogo100x70mm.png\" \/>\n\t<meta property=\"og:image:width\" content=\"1083\" \/>\n\t<meta property=\"og:image:height\" content=\"700\" \/>\n\t<meta property=\"og:image:type\" content=\"image\/png\" \/>\n<meta name=\"twitter:card\" content=\"summary_large_image\" \/>\n<script type=\"application\/ld+json\" class=\"yoast-schema-graph\">{\"@context\":\"https:\\\/\\\/schema.org\",\"@graph\":[{\"@type\":\"WebPage\",\"@id\":\"https:\\\/\\\/web.ucb-rotbuckow.berlin\\\/web\\\/impressum\\\/\",\"url\":\"https:\\\/\\\/web.ucb-rotbuckow.berlin\\\/web\\\/impressum\\\/\",\"name\":\"Impressum - UCB Rotbuckow e.G.\",\"isPartOf\":{\"@id\":\"https:\\\/\\\/web.ucb-rotbuckow.berlin\\\/web\\\/#website\"},\"datePublished\":\"2022-05-06T12:19:15+00:00\",\"dateModified\":\"2026-04-24T16:35:53+00:00\",\"description\":\"UCB Rotbuckow e.G.\",\"breadcrumb\":{\"@id\":\"https:\\\/\\\/web.ucb-rotbuckow.berlin\\\/web\\\/impressum\\\/#breadcrumb\"},\"inLanguage\":\"de\",\"potentialAction\":[{\"@type\":\"ReadAction\",\"target\":[\"https:\\\/\\\/web.ucb-rotbuckow.berlin\\\/web\\\/impressum\\\/\"]}]},{\"@type\":\"BreadcrumbList\",\"@id\":\"https:\\\/\\\/web.ucb-rotbuckow.berlin\\\/web\\\/impressum\\\/#breadcrumb\",\"itemListElement\":[{\"@type\":\"ListItem\",\"position\":1,\"name\":\"Startseite\",\"item\":\"https:\\\/\\\/web.ucb-rotbuckow.berlin\\\/web\\\/\"},{\"@type\":\"ListItem\",\"position\":2,\"name\":\"Impressum\"}]},{\"@type\":\"WebSite\",\"@id\":\"https:\\\/\\\/web.ucb-rotbuckow.berlin\\\/web\\\/#website\",\"url\":\"https:\\\/\\\/web.ucb-rotbuckow.berlin\\\/web\\\/\",\"name\":\"UCB Rotbuckow e.G.\",\"description\":\"Bewohnergenossenschaft\",\"publisher\":{\"@id\":\"https:\\\/\\\/web.ucb-rotbuckow.berlin\\\/web\\\/#organization\"},\"alternateName\":\"genossenschaft ucb rot buckow\",\"potentialAction\":[{\"@type\":\"SearchAction\",\"target\":{\"@type\":\"EntryPoint\",\"urlTemplate\":\"https:\\\/\\\/web.ucb-rotbuckow.berlin\\\/web\\\/?s={search_term_string}\"},\"query-input\":{\"@type\":\"PropertyValueSpecification\",\"valueRequired\":true,\"valueName\":\"search_term_string\"}}],\"inLanguage\":\"de\"},{\"@type\":\"Organization\",\"@id\":\"https:\\\/\\\/web.ucb-rotbuckow.berlin\\\/web\\\/#organization\",\"name\":\"UCB Rot Buckow eG\",\"alternateName\":\"genossenschaft ucb rot buckow\",\"url\":\"https:\\\/\\\/web.ucb-rotbuckow.berlin\\\/web\\\/\",\"logo\":{\"@type\":\"ImageObject\",\"inLanguage\":\"de\",\"@id\":\"https:\\\/\\\/web.ucb-rotbuckow.berlin\\\/web\\\/#\\\/schema\\\/logo\\\/image\\\/\",\"url\":\"https:\\\/\\\/web.ucb-rotbuckow.berlin\\\/web\\\/wp-content\\\/uploads\\\/2023\\\/02\\\/urbLogo2084px.png\",\"contentUrl\":\"https:\\\/\\\/web.ucb-rotbuckow.berlin\\\/web\\\/wp-content\\\/uploads\\\/2023\\\/02\\\/urbLogo2084px.png\",\"width\":1979,\"height\":1280,\"caption\":\"UCB Rot Buckow eG\"},\"image\":{\"@id\":\"https:\\\/\\\/web.ucb-rotbuckow.berlin\\\/web\\\/#\\\/schema\\\/logo\\\/image\\\/\"}}]}<\/script>\n<!-- \/ Yoast SEO plugin. -->","yoast_head_json":{"title":"Impressum - UCB Rotbuckow e.G.","description":"UCB Rotbuckow e.G.","robots":{"index":"index","follow":"follow","max-snippet":"max-snippet:-1","max-image-preview":"max-image-preview:large","max-video-preview":"max-video-preview:-1"},"canonical":"https:\/\/web.ucb-rotbuckow.berlin\/web\/impressum\/","og_locale":"de_DE","og_type":"article","og_title":"Impressum - UCB Rotbuckow e.G.","og_description":"UCB Rotbuckow e.G.","og_url":"https:\/\/web.ucb-rotbuckow.berlin\/web\/impressum\/","og_site_name":"UCB Rotbuckow e.G.","article_modified_time":"2026-04-24T16:35:53+00:00","og_image":[{"width":1083,"height":700,"url":"https:\/\/web.ucb-rotbuckow.berlin\/web\/wp-content\/uploads\/2023\/03\/urbLogo100x70mm.png","type":"image\/png"}],"twitter_card":"summary_large_image","schema":{"@context":"https:\/\/schema.org","@graph":[{"@type":"WebPage","@id":"https:\/\/web.ucb-rotbuckow.berlin\/web\/impressum\/","url":"https:\/\/web.ucb-rotbuckow.berlin\/web\/impressum\/","name":"Impressum - UCB Rotbuckow e.G.","isPartOf":{"@id":"https:\/\/web.ucb-rotbuckow.berlin\/web\/#website"},"datePublished":"2022-05-06T12:19:15+00:00","dateModified":"2026-04-24T16:35:53+00:00","description":"UCB Rotbuckow e.G.","breadcrumb":{"@id":"https:\/\/web.ucb-rotbuckow.berlin\/web\/impressum\/#breadcrumb"},"inLanguage":"de","potentialAction":[{"@type":"ReadAction","target":["https:\/\/web.ucb-rotbuckow.berlin\/web\/impressum\/"]}]},{"@type":"BreadcrumbList","@id":"https:\/\/web.ucb-rotbuckow.berlin\/web\/impressum\/#breadcrumb","itemListElement":[{"@type":"ListItem","position":1,"name":"Startseite","item":"https:\/\/web.ucb-rotbuckow.berlin\/web\/"},{"@type":"ListItem","position":2,"name":"Impressum"}]},{"@type":"WebSite","@id":"https:\/\/web.ucb-rotbuckow.berlin\/web\/#website","url":"https:\/\/web.ucb-rotbuckow.berlin\/web\/","name":"UCB Rotbuckow e.G.","description":"Bewohnergenossenschaft","publisher":{"@id":"https:\/\/web.ucb-rotbuckow.berlin\/web\/#organization"},"alternateName":"genossenschaft ucb rot buckow","potentialAction":[{"@type":"SearchAction","target":{"@type":"EntryPoint","urlTemplate":"https:\/\/web.ucb-rotbuckow.berlin\/web\/?s={search_term_string}"},"query-input":{"@type":"PropertyValueSpecification","valueRequired":true,"valueName":"search_term_string"}}],"inLanguage":"de"},{"@type":"Organization","@id":"https:\/\/web.ucb-rotbuckow.berlin\/web\/#organization","name":"UCB Rot Buckow eG","alternateName":"genossenschaft ucb rot buckow","url":"https:\/\/web.ucb-rotbuckow.berlin\/web\/","logo":{"@type":"ImageObject","inLanguage":"de","@id":"https:\/\/web.ucb-rotbuckow.berlin\/web\/#\/schema\/logo\/image\/","url":"https:\/\/web.ucb-rotbuckow.berlin\/web\/wp-content\/uploads\/2023\/02\/urbLogo2084px.png","contentUrl":"https:\/\/web.ucb-rotbuckow.berlin\/web\/wp-content\/uploads\/2023\/02\/urbLogo2084px.png","width":1979,"height":1280,"caption":"UCB Rot Buckow eG"},"image":{"@id":"https:\/\/web.ucb-rotbuckow.berlin\/web\/#\/schema\/logo\/image\/"}}]}},"_links":{"self":[{"href":"https:\/\/web.ucb-rotbuckow.berlin\/web\/wp-json\/wp\/v2\/pages\/304","targetHints":{"allow":["GET"]}}],"collection":[{"href":"https:\/\/web.ucb-rotbuckow.berlin\/web\/wp-json\/wp\/v2\/pages"}],"about":[{"href":"https:\/\/web.ucb-rotbuckow.berlin\/web\/wp-json\/wp\/v2\/types\/page"}],"author":[{"embeddable":true,"href":"https:\/\/web.ucb-rotbuckow.berlin\/web\/wp-json\/wp\/v2\/users\/1"}],"replies":[{"embeddable":true,"href":"https:\/\/web.ucb-rotbuckow.berlin\/web\/wp-json\/wp\/v2\/comments?post=304"}],"version-history":[{"count":69,"href":"https:\/\/web.ucb-rotbuckow.berlin\/web\/wp-json\/wp\/v2\/pages\/304\/revisions"}],"predecessor-version":[{"id":1025,"href":"https:\/\/web.ucb-rotbuckow.berlin\/web\/wp-json\/wp\/v2\/pages\/304\/revisions\/1025"}],"wp:attachment":[{"href":"https:\/\/web.ucb-rotbuckow.berlin\/web\/wp-json\/wp\/v2\/media?parent=304"}],"curies":[{"name":"wp","href":"https:\/\/api.w.org\/{rel}","templated":true}]}}